rime?
True
Is 2952359 a prime number?
True
Is 80609 prime?
False
Is 113093 a composite number?
False
Is 2929 a prime number?
False
Is 8923 composite?
False
Is 408011 composite?
False
Is 13753 prime?
False
Is 88373 prime?
False
Is 20693 composite?
False
Is 14123 a prime number?
False
Is 3491 composite?
False
Is 6131 a prime number?
True
Is 11981 prime?
True
Is 1268533 composite?
True
Is 56519 composite?
False
Is 197837 a prime number?
True
Is 7135 a prime number?
False
Is 17377 prime?
True
Is 2099 composite?
False
Is 112205 composite?
True
Is 8500951 prime?
True
Is 55655 prime?
False
Is 346727 a prime number?
False
Is 144649 a prime number?
False
Is 178679 a composite number?
True
Is 114887 a prime number?
False
Is 82851 composite?
True
Is 12929 prime?
False
Is 50581 prime?
True
Is 2647 composite?
False
Is 152121 a prime number?
False
Is 1740649 a prime number?
True
Is 18295 a prime number?
False
Is 38782 a prime number?
False
Is 2159 a composite number?
True
Is 31847 a prime number?
True
Is 468643 prime?
False
Is 60719 prime?
True
Is 225949 composite?
False
Is 61133 prime?
False
Is 1631483 composite?
True
Is 1855417 a composite number?
True
Is 31979 a prime number?
False
Is 337453 a prime number?
True
Is 16759 prime?
True
Is 271 a prime number?
True
Is 86587 composite?
False
Is 268007 composite?
True
Is 2715487 a prime number?
True
Is 6469 composite?
False
Is 5577577 composite?
False
Is 667789 a prime number?
False
Is 158557 a composite number?
True
Is 426469 a composite number?
False
Is 257099 a composite number?
False
Is 20741 a prime number?
False
Is 360229 a prime number?
True
Is 420247 a prime number?
False
Is 308489 a prime number?
True
Is 503803 a composite number?
False
Is 5261 prime?
True
Is 500777 composite?
False
Is 1328051 composite?
False
Is 45706 prime?
False
Is 720941 a composite number?
True
Is 1649 prime?
False
Is 333427 prime?
True
Is 1969 prime?
False
Is 48017 composite?
False
Is 15529 prime?
False
Is 6197 prime?
True
Is 16751 a prime number?
False
Is 13309 a composite number?
False
Is 97841 prime?
True
Is 247409 prime?
True
Is 36026 prime?
False
Is 688823 a prime number?
False
Is 168523 prime?
True
Is 64307 a composite number?
True
Is 667 a prime number?
False
Is 536369 prime?
False
Is 2458 composite?
True
Is 12251 composite?
False
Is 389479 composite?
False
Is 39953 composite?
False
Is 20239 prime?
False
Is 7726 a prime number?
False
Is 1420007 prime?
False
Is 46103 a prime number?
True
Is 3063287 prime?
True
Is 131357 a prime number?
True
Is 35671 composite?
False
Is 1646473 a prime number?
True
Is 1088119 prime?
False
Is 275513 a prime number?
False
Is 8407 composite?
True
Is 59197 a composite number?
False
Is 5482 composite?
True
Is 28562 composite?
True
Is 498989 prime?
True
Is 1042627 prime?
False
Is 174367 composite?
False
Is 5455 a composite number?
True
Is 45119 composite?
False
Is 583819 composite?
True
Is 177677 prime?
True
Is 8033 prime?
False
Is 558643 prime?
True
Is 43123 prime?
False
Is 146155 prime?
False
Is 615619 composite?
True
Is 284597 a composite number?
True
Is 2759 a composite number?
True
Is 869 a prime number?
False
Is 211 a prime number?
True
Is 18667 composite?
True
Is 6073 composite?
False
Is 135418 a composite number?
True
Is 25031 prime?
True
Is 542743 a prime number?
False
Is 41423 prime?
False
Is 1397833 a composite number?
False
Is 43805 prime?
False
Is 417 composite?
True
Is 425101 a composite number?
False
Is 2701 composite?
True
Is 10331 prime?
True
Is 463685 composite?
True
Is 282599 a composite number?
False
Is 37951 a composite number?
False
Is 18965 composite?
True
Is 686773 a composite number?
False
Is 14667 a composite number?
True
Is 8526631 a prime number?
True
Is 30035 composite?
True
Is 75913 composite?
False
Is 42989 prime?
True
Is 14591 composite?
False
Is 277127 a prime number?
False
Is 101833 prime?
True
Is 3783251 composite?
False
Is 3205 a prime number?
False
Is 114539 prime?
False
Is 80071 a composite number?
False
Is 10301 prime?
True
Is 225385 composite?
True
Is 28073 prime?
False
Is 21223 a composite number?
True
Is 4871 composite?
False
Is 498343 a composite number?
False
Is 4595 composite?
True
Is 96853 prime?
False
Is 221 composite?
True
Is 935455 a prime number?
False
Is 84053 composite?
False
Is 3427 a prime number?
False
Is 562721 a prime number?
True
Is 80621 a composite number?
False
Is 12097 composite?
False
Is 3941 a composite number?
True
Is 800923 prime?
True
Is 134129 a composite number?
False
Is 1092433 a composite number?
False
Is 1371047 a composite number?
False
Is 118183 composite?
True
Is 516127 a composite number?
False
Is 32141 prime?
True
Is 87421 a composite number?
False
Is 48383 a prime number?
True
Is 195571 a composite number?
True
Is 413209 composite?
True
Is 16631 prime?
True
Is 1343 a composite number?
True
Is 62819 composite?
False
Is 5021 prime?
True
Is 172682 a composite number?
True
Is 3268191 a prime number?
False
Is 2026139 a composite number?
True
Is 144106 a prime number?
False
Is 676313 prime?
False
Is 1299686 a prime number?
False
Is 22849 prime?
False
Is 10261 a prime number?
False
Is 41254 prime?
False
Is 113639 a composite number?
True
Is 135497 a composite number?
False
Is 736871 a composite number?
False
Is 26669 prime?
True
Is 3805 prime?
False
Is 1397 a composite number?
True
Is 51526 prime?
False
Is 238709 prime?
True
Is 22613 a prime number?
True
Is 818813 a prime number?
True
Is 21467 composite?
False
Is 1121987 a prime number?
True
Is 602887 composite?
False
Is 7069 a prime number?
True
Is 72547 a prime number?
True
Is 259577 composite?
False
Is 21767 a prime number?
True
Is 4037 prime?
False
Is 35753 prime?
True
Is 627593 composite?
False
Is 169399 a prime number?
True
Is 8851 a prime number?
False
Is 35229 prime?
False
Is 10883 a prime number?
True
Is 98947 composite?
False
Is 30181 composite?
False
Is 786607 a prime number?
False
Is 151337 a prime number?
True
Is 1611667 prime?
True
Is 205 a prime number?
False
Is 129527 a composite number?
False
Is 17245 prime?
False
Is 116395 a composite number?
True
Is 10129 prime?
False
Is 20885 composite?
True
Is 1361 prime?
True
Is 8185 a composite number?
True
Is 42941 composite?
True
Is 30449 composite?
False
Is 146431 a composite number?
True
Is 2789 prime?
True
Is 225779 a composite number?
False
Is 111521 a composite number?
False
Is 343439 a composite number?
True
Is 229727 a composite number?
False
Is 24913 a composite number?
True
Is 4691 a composite number?
False
Is 57637 prime?
True
Is 40649 a composite number?
True
Is 5779 prime?
True
Is 838 prime?
False
Is 90547 composite?
False
Is 22537 composite?
True
Is 2243 a composite number?
False
Is 98453 a prime number?
True
Is 82129 prime?
True
Is 130091 a composite number?
True
Is 44351 composite?
False
Is 4006 a composite number?
True
Is 7493 prime?
False
Is 946871 a composite number?
True
Is 21991 composite?
False
Is 31001 a prime number?
False
Is 23369 a composite number?
False
Is 162323 composite?
True
Is 10973 a prime number?
True
Is 15403 composite?
True
Is 436907 a composite number?
True
Is 6459 composite?
True
Is 27847 prime?
True
Is 182227 prime?
False
Is 26443 prime?
False
Is 158846 prime?
False
Is 5059 prime?
True
Is 79277 a prime number?
False
Is 4583 prime?
True
Is 5737 a prime number?
True
Is 66667 a prime number?
False
Is 22553 prime?
False
Is 5663 a prime number?
False
Is 4201 composite?
False
Is 8461 composite?
False
Is 321467 composite?
False
Is 4193 composite?
True
Is 404671 composite?
False
Is 260069 prime?
False
Is 4511 a prime number?
False
Is 9719 prime?
True
Is 884841 a composite number?
True
Is 26479 a composite number?
False
Is 541 composite?
False
Is 381371 prime?
True
Is 445 a composite number?
True
Is 23007 prime?
False
Is 67029 a prime number?
False
Is 551423 a prime number?
True
Is 11923 a composite number?
False
Is 105151 a prime number?
False
Is 99053 a prime number?
True
Is 156007 composite?
False
Is 944723 a prime number?
False
Is 1003 prime?
False
Is 226721 composite?
True
Is 1131671 a prime number?
True
Is 14893 prime?
False
Is 991 prime?
True
Is 629921 a composite number?
False
Is 63731 composite?
True
Is 1685605 prime?
False
Is 17681 a composite number?
False
Is 6639 composite?